at are the prime factors of o?
2, 5, 11
Let i(q) = -q**2 + q - 1. Let r be i(0). Suppose -79 = -4*a - 83. What are the prime factors of -1 + 1 + (a + -1)*r?
2
Suppose -13*b + 133792 = -27187. List the prime factors of b.
7, 29, 61
Suppose 4*j = -3*t + 28871, -157 + 142 = -3*j. What are the prime factors of t?
59, 163
Let p be 3340/(-70) - 6/(-63)*-3. What are the prime factors of (-1 - p)/(2/8)?
2, 47
Let p = 0 + -6. Let o(q) = 9*q + 57. Let a be o(-4). Let v = p + a. What are the prime factors of v?
3, 5
Let k be ((-4)/3 - (-4 - -2))*-3. Let g be -1*k/(-6)*60/(-20). Suppose -1 = x + g, 134 = 3*d + 2*x. What are the prime factors of d?
2, 23
Let s be (6304 - -72) + (-1)/1 + 1. Suppose -25*q = -29*q + s. List the prime factors of q.
2, 797
Let v = 20 - 59. Let l = -38 + v. List the prime factors of 40/30 + l/(-3).
3
What are the prime factors of 6/7*-1*851648/(-192)?
2, 1901
Let n(y) = -y**3 + y**2 + 5*y - 3. Let h be n(-3). What are the prime factors of 3/2 - (-25317)/h?
2, 11
Let w = -794 + 791. Let b(s) = -s. Let q(d) = d + 3. Let g(l) = 3*b(l) + q(l). List the prime factors of g(w).
3
Let m(u) = u**2 + 2*u + 7. Let n be m(5). List the prime factors of (2 - 1 - 27)/(n/(-525)).
5, 13
Let t(y) = -y**2 - 9*y - 5. Let v be t(-8). Suppose 3*i - 3 = -4*z + 2*i, -v*z = i - 3. Suppose z = -4*p + 6 + 106. List the prime factors of p.
2, 7
Let s be 31 + -15 + 1 + 7. Suppose -s*b + 19*b + 2645 = 0. List the prime factors of b.
23
Let w be (-12)/5*25/(-15). Suppose -w*q - 2*v + 347 + 179 = 0, -2*q + 5*v = -245. List the prime factors of q.
2, 5, 13
Suppose -4*x + 1808 = 4*u, 100*x - 103*x + 3*u = -1314. What are the prime factors of x?
5, 89
Let k(h) = -228 - 18*h - 230 + 147. What are the prime factors of k(-26)?
157
Suppose -6*v = -v + 3*x - 5125, -5*x = -5*v + 5165. Let q = v - 537. What are the prime factors of q?
491
Let z(s) = s**2 - s - 1879. What are the prime factors of z(-107)?
9677
Let r be -5 + (-4)/14 + (-214)/(-14). Suppose 15223 = r*l + 3*l. What are the prime factors of l?
1171
Let a(g) = 65*g**3 - g**2 + 4*g - 3. Suppose 4*t + 3*r + 12 = -r, -3*r - 12 = 4*t. Let c be t + (-2)/(-2) - (-12)/4. What are the prime factors of a(c)?
5, 13
Suppose -5*f = 3*g - 3192, 5*f - 4*g = 2*f + 1892. Let c = -367 + f. List the prime factors of c.
269
Suppose -14*p = -12192 - 56422. List the prime factors of p.
13, 29
Let u(p) = 168*p**3 - 8*p**2 + 47*p + 26. List the prime factors of u(4).
2, 5419
Suppose -2*x = x - 2*u - 5, 4*u = 2*x + 2. Suppose j = -x*b + 199, -283 = -2*j + 5*b + 170. What are the prime factors of j?
2, 107
Suppose 13*w - 12 = 7*w. Suppose -5*b + 30 = w*x, 24 + 1 = -5*x. Let c = 15 - b. List the prime factors of c.
7
Suppose 0 = -13*c + 14131 + 46293. List the prime factors of c.
2, 7, 83
Let d = 28 - 33. Let p be 6*(d/(-30) - 0). Suppose 0 = 2*s - 165 + p. List the prime factors of s.
2, 41
Let x(p) = -7 + 15 - 6 - 23*p**2. Let s be x(-2). What are the prime factors of 20/s + 1253/9?
139
Suppose 5*q - 5 = 4*q. Suppose -8 = -7*o + q*o. Suppose o*u - 70 = 3*u. What are the prime factors of u?
2, 5, 7
What are the prime factors of 282/12*-1630*18/(-60)*2?
3, 47, 163
What are the prime factors of (-35986)/(-8) - ((-150)/24)/(-25)?
2, 13, 173
Suppose 14*v = 8*v + 99696. List the prime factors of v.
2, 31, 67
Let s be 6/2*240/(-45). Let r(v) = 3*v + 47. Let a be r(s). List the prime factors of (a + (-1 - -84))*(-1)/(-2).
41
Suppose 512 = 2*a - 1936. List the prime factors of a.
2, 3, 17
Suppose 4*b + 4982 = 2*d, 23*b = 28*b - 5*d + 6215. Let o = -564 - b. What are the prime factors of o?
2, 3, 19
What are the prime factors of (12*(-206260)/120)/(2/(-3))?
3, 10313
Suppose 54 = 2*o + 110. What are the prime factors of 274/14 + 3 + (-12)/o?
23
Suppose -16*n - 23693 = -4*b - 17*n, b - 5927 = -n. List the prime factors of b.
2, 3, 7, 47
Suppose -2307678 - 373887 = -97*x. What are the prime factors of x?
3, 5, 19, 97
Let x be ((-10)/(-6))/(10/(-240)). Let r = x + 348. List the prime factors of r.
2, 7, 11
Suppose 5055 + 165 = 58*b. Let i(c) = -26*c - 2. Let k be i(-3). Let n = b + k. What are the prime factors of n?
2, 83
Let d be 1/2*(-3 + -5). Let j be d/8*((-3)/(-3) + -23). Let k = 138 - j. What are the prime factors of k?
127
Suppose 5*m = 4*q + 82341 + 80904, -3*q = -m + 32660. List the prime factors of m.
5, 6529
Suppose -26 = -18*j + 5*j. Suppose -3385 = -4*x + 5*z, -23*x + 25*x - 1706 = -j*z. List the prime factors of x.
2, 5, 17
Let o be 3/4 + (-12)/16. Suppose -8 = 4*y, 3*j + o*y = y + 479. Let n = -104 + j. List the prime factors of n.
5, 11
List the prime factors of 24673026/799 + -2 + 36/17 - 3.
7, 11, 401
Let b(q) = 49*q**2 - 4*q - 7. What are the prime factors of b(-8)?
29, 109
Let l(q) = q**2 + 11*q - 18. Let r(t) = 2*t**2 + 10*t - 19. Let x(u) = -3*l(u) + 2*r(u). Let i be x(-16). Suppose 4*c - i = -2*c. List the prime factors of c.
2, 5
Let n(l) = -42595*l**3 - 13*l - 16. What are the prime factors of n(-1)?
2, 11
Let v(i) = 485*i**2 + 141*i + 7. List the prime factors of v(9).
47, 863
Let i = 1847 - 476. Suppose -10*k + 1469 = -i. List the prime factors of k.
2, 71
Let r be -1 - -1 - (1 + (1 - 122)). Let f = r - -751. List the prime factors of f.
13, 67
Suppose 2*g - 2*m = 66, 0 = 4*g - m + 2*m - 147. Suppose g*t = 33*t + 1620. What are the prime factors of t?
2, 3, 5
Let j be (2/6)/(1397/99 + -14). Suppose -s = -2*g - 1117, 0 = 4*s - 5*g + j*g - 4486. What are the prime factors of s?
1123
Suppose 4*i - 25821 = -3*a, 0 = 63*i - 64*i - 4*a + 6465. List the prime factors of i.
3, 239
Let n(m) be the first derivative of -m**4/4 + 16*m**3/3 - 2*m**2 + 15*m + 91. List the prime factors of n(8).
3, 5, 11
Suppose 18*f = 13*f + 20. Suppose f*l = -4, -5*h + 5105 = -2*l - 767. What are the prime factors of h?
2, 587
Suppose -19*m - 3 = -20*m. Suppose -2*y + 26 = 2*z - 3*y, 0 = -m*z - 4*y + 39. List the prime factors of 2106/z + 0/(4/(-2)).
2, 3
Let f(m) = 5*m**2 + 5*m - 10 + 2*m**2 - m**2. Suppose 3*h - 8 = b, -28 = 232*b - 235*b - 4*h. List the prime factors of f(b).
2, 53
Let i be (-6 + -1 - -6)/((-1)/11). Suppose 3*j - f = f + 18, 2*j - f = i. Suppose 6 = 3*y + 2*x, 5 - 1 = 2*y - j*x. List the prime factors of y.
2
Let h = -25953 - -43315. What are the prime factors of h?
2, 8681
Let r = -570 + 2233. What are the prime factors of r?
1663
Let i(v) = 46918*v**2 - 34*v - 8. List the prime factors of i(1).
2, 11719
Suppose 17*l - 13*l + 105453 = 13*l. List the prime factors of l.
11717
Let t(u) be the third derivative of -17*u**4/24 - 2*u**3/3 - 2*u**2. Let x be 52/(-117) + (-474)/27 + 1. What are the prime factors of t(x)?
3, 5, 19
Suppose -6*p + 154 = p. Let c = p + -20. Suppose c*t - 31 = -x, 4*x + 3*t - 89 = 50. List the prime factors of x.
37
Let x be (7*(-3)/(-42))/(1/4). Suppose 1606 = 3*u - 4*t, -1074 = -x*u - t + 2*t. What are the prime factors of u?
2, 269
Let m be 4 - (4 - 29)/5. Suppose m - 18 = -3*q. Suppose q*d - 36 + 12 = 0. List the prime factors of d.
2
Suppose 4*z + 1132 = 3*h - 13426, -3*z - 14553 = -3*h. What are the prime factors of h?
2, 2423
Suppose -7213 = -6*z + 1882 - 251. What are the prime factors of z?
2, 11, 67
Suppose 2*x + 2*w = 3*x - 9, -3*x + 2*w = -31. Suppose x*b - 39 = 8*b + 3*z, 3*b = -2*z + 44. What are the prime factors of b?
2, 7
Suppose -107*u + 136*u - 266684 = 0. What are the prime factors of u?
2, 11, 19
Suppose 0 = -s + 4*i + 23432, -5*i + 21 = -4. What are the prime factors of s?
2, 11, 13, 41
Let a(t) = 1152*t**2 - 1667*t - 4990. List the prime factors of a(-3).
97, 107
Suppose 148376 = 4*n - 4*q, -370*q = 4*n - 375*q - 148369. List the prime factors of n.
3, 83, 149
Let u be (-3 - -3)*(-5 - -6). Let i(f) = 58 - 2*f + 3*f + 35. List the prime factors of i(u).
3, 31
Suppose -3*z + 6*z - 3 = 3*j, -1 = 4*j - 3*z. Suppose m - 6*m + j*p = -6202, -5*m + 4*p + 6194 = 0. List the prime factors of m/4*((-6)/9)/(-1).
3, 23
Let v = 118 + -115. Suppose -v*c = 5*u + 651, 3 = -4*c + 5*c. Let d = -104 - u. What are the prime factors of d?
2, 7
Suppose -4*j - 4*z = 116, -z - 143 = 5*j + 3*z. List the prime factors of (-4)/(-3) - (-3)/(j/(-1599)).
179
Let h(f) be the second derivative of -1/4*f**4 + 1/3*f**3 + 1/20*f**5 + 0 - 7*f**2 + 14*f. List the prime factors of h(7).
2, 7
Suppose 0 = 24*m - 22*m - 